{"id":1102,"date":"2016-12-11T14:29:05","date_gmt":"2016-12-11T13:29:05","guid":{"rendered":"http:\/\/westcoasttrading.se\/?page_id=1102"},"modified":"2016-12-11T14:29:05","modified_gmt":"2016-12-11T13:29:05","slug":"havens-gastro","status":"publish","type":"page","link":"https:\/\/westcoasttrading.se\/?page_id=1102","title":{"rendered":"Havens Gastro+"},"content":{"rendered":"<p><strong>Havens Gastro +<\/strong> \u00e4r speciellt framtagen f\u00f6r alla h\u00e4star och ponnyer som lider av\u00a0<strong><span style=\"color: #212121;\">matsm\u00e4ltningsproblem eller mags\u00e5r<\/span><\/strong>.<\/p>\n<p><a class=\"zoom\" href=\"https:\/\/billsviken.se\/wp-content\/uploads\/2016\/08\/Gastro+-2.jpg\"><img decoding=\"async\" loading=\"lazy\" class=\"attachment-shop_single wp-post-image\" src=\"https:\/\/billsviken.se\/wp-content\/uploads\/2016\/08\/Gastro+-2-500x650.jpg\" alt=\"Gastro+\" width=\"232\" height=\"302\" \/><\/a><\/p>\n<h3 id=\"tw-target-text\" class=\"tw-data-text vk_txt tw-ta tw-text-small\" dir=\"ltr\" data-placeholder=\"Translation\"><span lang=\"sv\"><strong><span style=\"color: #212121;\">Anledning<\/span><\/strong> <\/span><\/h3>\n<p class=\"tw-data-text vk_txt tw-ta tw-text-small\" dir=\"ltr\" data-placeholder=\"Translation\"><span lang=\"sv\"><span style=\"color: #212121;\">H\u00e4star \u00e4r naturliga betare och spendera <em>(om det till\u00e5ts<\/em><\/span><span style=\"color: #212121;\">) n\u00e4stan hela tiden p\u00e5 dagen p\u00e5 bete. Konstant bete ger en kontinuerlig tillf\u00f6rsel av saliv till magen som balanserar den p\u00e5g\u00e5ende produktionen av magsyra. Dagens domesticerade milj\u00f6 med en onaturlig utfodringen tillsammans med \u00f6kad utbildning och stress fr\u00e5n att konkurrera och resande kan bidra till magproblem. Mags\u00e5r kan orsakas av skador p\u00e5 magslemhinnan p\u00e5 grund av en obalans mellan magproduktions syra och skydd av magslemhinnan. <\/span><\/span><\/p>\n<p class=\"tw-data-text vk_txt tw-ta tw-text-small\" dir=\"ltr\" data-placeholder=\"Translation\"><span lang=\"sv\"><span style=\"color: #212121;\">Uppskattningsvis <strong>60%<\/strong><\/span><span style=\"color: #212121;\"> av sporth\u00e4star och mer \u00e4n<\/span><strong><span style=\"color: #212121;\"> 90%<\/span><\/strong><span style=\"color: #212121;\"> av kappl\u00f6pningsh\u00e4star har en viss grad av <\/span><strong><span style=\"color: #212121;\">mags\u00e5r<\/span><\/strong><span style=\"color: #212121;\">! Inte bara mags\u00e5r, men <\/span><strong><span style=\"color: #212121;\">matsm\u00e4ltningsproblem<\/span><\/strong><span style=\"color: #212121;\"> i allm\u00e4nhet har en st\u00f6rande inverkan p\u00e5 prestanda och v\u00e4lbefinnande av en h\u00e4st. <\/span><\/span><\/p>\n<p class=\"tw-data-text vk_txt tw-ta tw-text-small\" dir=\"ltr\" data-placeholder=\"Translation\"><span lang=\"sv\"><span style=\"color: #212121;\">N\u00e4rings\u00e4mnen kan inte l\u00e4ngre vara optimalt absorberas och en h\u00e4st kan snabbt lider av en \u00f6m mage och f\u00f6rlust avtillst\u00e5nd. \u00a0 Detta g\u00e4ller inte bara f\u00f6r t\u00e4vlingsh\u00e4star, men ocks\u00e5 f\u00f6r f\u00f6l<\/span><span style=\"color: #212121;\"> eller <\/span><span style=\"color: #212121;\">fritidsh\u00e4star<\/span><span style=\"color: #212121;\">. <\/span><\/span><\/p>\n<p class=\"tw-data-text vk_txt tw-ta tw-text-small\" dir=\"ltr\" data-placeholder=\"Translation\"><span lang=\"sv\"><span style=\"color: #212121;\">Gastro + \u00e4r speciellt framtagen f\u00f6r alla h\u00e4star och ponnyer som lider av <strong>matsm\u00e4ltningsproblem eller mags\u00e5r<\/strong><\/span><span style=\"color: #212121;\">. \u00a0 <\/span><\/span><\/p>\n<h3 class=\"tw-data-text vk_txt tw-ta tw-text-small\" dir=\"ltr\" data-placeholder=\"Translation\"><strong><span style=\"color: #212121;\">Varf\u00f6r GASTRO+?<\/span><\/strong><\/h3>\n<p class=\"tw-data-text vk_txt tw-ta tw-text-small\" dir=\"ltr\" data-placeholder=\"Translation\">Med en speciell cocktail av natriumbikarbonat, kalciumkarbonat, magnesium och ytterligare probiotika till kallare magen och neutralisera \u00f6verskott av syra. Detta bidrar till att regenerera magslemhinnan.<\/p>\n<p class=\"tw-data-text vk_txt tw-ta tw-text-small\" dir=\"ltr\" data-placeholder=\"Translation\"><strong><span style=\"color: #212121;\">+ St\u00f6der normal mage aktivitet.<\/span><\/strong><\/p>\n<p class=\"tw-data-text vk_txt tw-ta tw-text-small\" dir=\"ltr\" data-placeholder=\"Translation\">Gastro + \u00e4r en n\u00e4ringsm\u00e4ssigt komplett foder med en h\u00f6g specifikation av aminosyror, vitaminer (bl 400mg Vit.E) och sp\u00e5r\u00e4mnen; ge din (sport) h\u00e4st med alla n\u00e4rings\u00e4mnen den beh\u00f6ver.<\/p>\n<p class=\"tw-data-text vk_txt tw-ta tw-text-small\" dir=\"ltr\" data-placeholder=\"Translation\"><strong><span style=\"color: #212121;\">+ F\u00f6rb\u00e4ttrad prestanda.<\/span><\/strong><\/p>\n<p class=\"tw-data-text vk_txt tw-ta tw-text-small\" dir=\"ltr\" data-placeholder=\"Translation\">L\u00e5gt inneh\u00e5ll av st\u00e4rkelse i kombination med en h\u00f6g halt av alfalfa, fr\u00e4mja tugga och salivproduktionen. Alfalfa och saliv b\u00e5da visat sig vara en naturlig buffert till surhetsgraden i matsm\u00e4ltnings tarmkanalen<\/p>\n<p class=\"tw-data-text vk_txt tw-ta tw-text-small\" dir=\"ltr\" data-placeholder=\"Translation\"><strong><span style=\"color: #212121;\">+ Optimal matsm\u00e4ltning.<\/span><\/strong><\/p>\n<p class=\"tw-data-text vk_txt tw-ta tw-text-small\" dir=\"ltr\" data-placeholder=\"Translation\">Extra olja ing\u00e5r en optimal omega-6 och omega-3 fettsyra-f\u00f6rh\u00e5llande som gynnar s\u00e5rl\u00e4kning. Dessutom ger det l\u00e5ngsamt frig\u00f6ra energi f\u00f6r att st\u00f6dja optimal prestanda.<\/p>\n<p class=\"tw-data-text vk_txt tw-ta tw-text-small\" dir=\"ltr\" data-placeholder=\"Translation\"><strong><span style=\"color: #212121;\">+ Anti-inflammatorisk verkan. \u00a0<\/span><\/strong><\/p>\n<h3 class=\"tw-data-text vk_txt tw-ta tw-text-small\" dir=\"ltr\" data-placeholder=\"Translation\"><\/h3>\n<h3 class=\"tw-data-text vk_txt tw-ta tw-text-small\" dir=\"ltr\" data-placeholder=\"Translation\"><strong><span style=\"color: #212121;\">F\u00f6r vilka h\u00e4star?<\/span><\/strong><\/h3>\n<p class=\"tw-data-text vk_txt tw-ta tw-text-small\" dir=\"ltr\" data-placeholder=\"Translation\">Gastro + \u00e4r idealisk f\u00f6r h\u00e4star med magen och matsm\u00e4ltningsproblem.<\/p>\n<p class=\"tw-data-text vk_txt tw-ta tw-text-small\" dir=\"ltr\" data-placeholder=\"Translation\">Ofta \u00e4r dessa h\u00e4star lider av of\u00f6rklarliga klagom\u00e5l.<\/p>\n<p class=\"tw-data-text vk_txt tw-ta tw-text-small\" dir=\"ltr\" data-placeholder=\"Translation\">Har din h\u00e4st visar en eller flera av f\u00f6ljande symtom?<\/p>\n<ul>\n<li>\u00a0regelbundet \u00e5terkommande kolik<\/li>\n<li>\u00a0Vanliga cribbing, t\u00e4nder slipning eller g\u00e4spa<\/li>\n<li>\u00a0F\u00f6rlust av frisk aptit<\/li>\n<li>\u00a0Minskad prestanda<\/li>\n<li>\u00a0Brist p\u00e5 energi och passiva attityd<\/li>\n<li>\u00a0D\u00e5lig p\u00e4ls<\/li>\n<li>\u00a0Viktminskning<\/li>\n<li>\u00a0Uppsv\u00e4lld mage<\/li>\n<li>\u00a0Mjuk eller sur luktande g\u00f6dsel<\/li>\n<\/ul>\n<p>Produkt blad:\u00a0<em><a href=\"https:\/\/billsviken.se\/wp-content\/uploads\/2016\/08\/A4-Folder-Gastro+flyer-A3-ENG-LR-John\u2019s-MacBook-Airs-conflicted-copy-2016-03-24.pdf\">GASTRO+ Produktblad <\/a><\/em><\/p>\n<p class=\"tw-data-text vk_txt tw-ta tw-text-small\" dir=\"ltr\" data-placeholder=\"Translation\"><strong><span style=\"color: #008000;\">D\u00e5 kan Gastro+ vara en l\u00f6sning f\u00f6r just din h\u00e4st!<\/span><\/strong><\/p>\n<p>&nbsp;<\/p>\n","protected":false},"excerpt":{"rendered":"<p>Havens Gastro + \u00e4r speciellt framtagen f\u00f6r alla h\u00e4star och ponnyer som lider av\u00a0matsm\u00e4ltningsproblem eller mags\u00e5r. Anledning H\u00e4star \u00e4r naturliga betare och spendera (om det till\u00e5ts) n\u00e4stan hela tiden p\u00e5 dagen p\u00e5 bete. Konstant bete ger en kontinuerlig tillf\u00f6rsel av &hellip; <a href=\"https:\/\/westcoasttrading.se\/?page_id=1102\">L\u00e4s mer <span class=\"meta-nav\">&rarr;<\/span><\/a><\/p>\n","protected":false},"author":2,"featured_media":0,"parent":265,"menu_order":13,"comment_status":"closed","ping_status":"closed","template":"","meta":[],"_links":{"self":[{"href":"https:\/\/westcoasttrading.se\/index.php?rest_route=\/wp\/v2\/pages\/1102"}],"collection":[{"href":"https:\/\/westcoasttrading.se\/index.php?rest_route=\/wp\/v2\/pages"}],"about":[{"href":"https:\/\/westcoasttrading.se\/index.php?rest_route=\/wp\/v2\/types\/page"}],"author":[{"embeddable":true,"href":"https:\/\/westcoasttrading.se\/index.php?rest_route=\/wp\/v2\/users\/2"}],"replies":[{"embeddable":true,"href":"https:\/\/westcoasttrading.se\/index.php?rest_route=%2Fwp%2Fv2%2Fcomments&post=1102"}],"version-history":[{"count":1,"href":"https:\/\/westcoasttrading.se\/index.php?rest_route=\/wp\/v2\/pages\/1102\/revisions"}],"predecessor-version":[{"id":1103,"href":"https:\/\/westcoasttrading.se\/index.php?rest_route=\/wp\/v2\/pages\/1102\/revisions\/1103"}],"up":[{"embeddable":true,"href":"https:\/\/westcoasttrading.se\/index.php?rest_route=\/wp\/v2\/pages\/265"}],"wp:attachment":[{"href":"https:\/\/westcoasttrading.se\/index.php?rest_route=%2Fwp%2Fv2%2Fmedia&parent=1102"}],"curies":[{"name":"wp","href":"https:\/\/api.w.org\/{rel}","templated":true}]}}