{"id":1399,"date":"2020-07-08T12:29:44","date_gmt":"2020-07-08T11:29:44","guid":{"rendered":"http:\/\/westcoasttrading.se\/?page_id=1399"},"modified":"2020-07-09T12:18:55","modified_gmt":"2020-07-09T11:18:55","slug":"saracen","status":"publish","type":"page","link":"https:\/\/westcoasttrading.se\/?page_id=1399","title":{"rendered":"Saracen"},"content":{"rendered":"<p><img decoding=\"async\" loading=\"lazy\" class=\"alignleft\" src=\"https:\/\/h24-original.s3.amazonaws.com\/165052\/13856277-FjT4p.jpg\" alt=\"H\u00e4stfoder - Saracen\" width=\"239\" height=\"284\" \/>Vi \u00e4r \u00e5terf\u00f6rs\u00e4ljare f\u00f6r Saracen sverige. Vi lagerh\u00e5ller det mesta ur sortimentet men h\u00f6r g\u00e4rna av er f\u00f6re om ni \u00f6nskar ngt ur v\u00e5rt best\u00e4llningssortiment, vi har \u00e4ven foder till tex \u00c5sna och minigrisar som ing\u00e5r i best\u00e4llningssortimentet \ud83d\ude09<\/p>\n<p>D\u00e5 vi h\u00e5ller p\u00e5 att bygga upp en ny och b\u00e4ttre hemsida s\u00e5 d\u00e4rf\u00f6r uppdateras inte l\u00e4ngre denna hemsidan.<br \/>\nVi fokuserar p\u00e5 v\u00e5r Facebook-sida tillsvidare f\u00f6r f\u00e4rska uppdateringar och nyheter \ud83d\ude09<\/p>\n<p>https:\/\/www.facebook.com\/westcoastab<\/p>\n<p>&nbsp;<\/p>\n<p>F\u00f6r mer inofrmation om Saracens foder till import\u00f6rens hemsida.<\/p>\n<p>https:\/\/www.saracen.se\/<\/p>\n<p><img decoding=\"async\" src=\"https:\/\/www.saracenhorsefeeds.com\/images\/hero-images\/swedish\/ReLeve-swedish.jpg\" alt=\"Hem - Saracen Horse Feeds\" \/><\/p>\n<p>Vi h\u00e5ller \u00f6ppet efter tidsbokning tillsvidare, men \u00e4ven obekv\u00e4ma tider.<br \/>\nSkicka ett mail, PM, messenger, SMS eller ring om ni vill komma i kontakt med oss.<br \/>\nmalinbruhn@trailerimport.se<\/p>\n","protected":false},"excerpt":{"rendered":"<p>Vi \u00e4r \u00e5terf\u00f6rs\u00e4ljare f\u00f6r Saracen sverige. Vi lagerh\u00e5ller det mesta ur sortimentet men h\u00f6r g\u00e4rna av er f\u00f6re om ni \u00f6nskar ngt ur v\u00e5rt best\u00e4llningssortiment, vi har \u00e4ven foder till tex \u00c5sna och minigrisar som ing\u00e5r i best\u00e4llningssortimentet \ud83d\ude09 D\u00e5 &hellip; <a href=\"https:\/\/westcoasttrading.se\/?page_id=1399\">L\u00e4s mer <span class=\"meta-nav\">&rarr;<\/span><\/a><\/p>\n","protected":false},"author":2,"featured_media":0,"parent":43,"menu_order":5,"comment_status":"closed","ping_status":"closed","template":"","meta":[],"_links":{"self":[{"href":"https:\/\/westcoasttrading.se\/index.php?rest_route=\/wp\/v2\/pages\/1399"}],"collection":[{"href":"https:\/\/westcoasttrading.se\/index.php?rest_route=\/wp\/v2\/pages"}],"about":[{"href":"https:\/\/westcoasttrading.se\/index.php?rest_route=\/wp\/v2\/types\/page"}],"author":[{"embeddable":true,"href":"https:\/\/westcoasttrading.se\/index.php?rest_route=\/wp\/v2\/users\/2"}],"replies":[{"embeddable":true,"href":"https:\/\/westcoasttrading.se\/index.php?rest_route=%2Fwp%2Fv2%2Fcomments&post=1399"}],"version-history":[{"count":6,"href":"https:\/\/westcoasttrading.se\/index.php?rest_route=\/wp\/v2\/pages\/1399\/revisions"}],"predecessor-version":[{"id":1410,"href":"https:\/\/westcoasttrading.se\/index.php?rest_route=\/wp\/v2\/pages\/1399\/revisions\/1410"}],"up":[{"embeddable":true,"href":"https:\/\/westcoasttrading.se\/index.php?rest_route=\/wp\/v2\/pages\/43"}],"wp:attachment":[{"href":"https:\/\/westcoasttrading.se\/index.php?rest_route=%2Fwp%2Fv2%2Fmedia&parent=1399"}],"curies":[{"name":"wp","href":"https:\/\/api.w.org\/{rel}","templated":true}]}}