{"id":52,"date":"2010-12-01T15:45:25","date_gmt":"2010-12-01T14:45:25","guid":{"rendered":"http:\/\/westcoasttrading.se\/?page_id=52"},"modified":"2018-08-23T07:22:11","modified_gmt":"2018-08-23T06:22:11","slug":"stallet","status":"publish","type":"page","link":"https:\/\/westcoasttrading.se\/?page_id=52","title":{"rendered":"Westcoast Dressage"},"content":{"rendered":"<p>&nbsp;<\/p>\n<p><a href=\"https:\/\/media.westcoasttrading.se\/2010\/12\/S\u00e4ker-H\u00e4st.jpg\"><img decoding=\"async\" loading=\"lazy\" class=\"wp-image-1368 alignleft\" src=\"https:\/\/media.westcoasttrading.se\/2010\/12\/S\u00e4ker-H\u00e4st-300x225.jpg\" alt=\"\" width=\"449\" height=\"337\" srcset=\"https:\/\/media.westcoasttrading.se\/2010\/12\/S\u00e4ker-H\u00e4st-300x225.jpg 300w, https:\/\/media.westcoasttrading.se\/2010\/12\/S\u00e4ker-H\u00e4st-768x576.jpg 768w, https:\/\/media.westcoasttrading.se\/2010\/12\/S\u00e4ker-H\u00e4st-1024x768.jpg 1024w, https:\/\/media.westcoasttrading.se\/2010\/12\/S\u00e4ker-H\u00e4st.jpg 2048w\" sizes=\"(max-width: 449px) 100vw, 449px\" \/><\/a><\/p>\n<p>Denna sida kommer\u00a0inom kort\u00a0att fyllas med information om v\u00e5r H\u00e4stverksamhet som h\u00e5ller p\u00e5 att formas h\u00e4r p\u00e5 g\u00e5rden samt om de h\u00e4star som kommer att st\u00e5r h\u00e4r. \/\/Malin<\/p>\n","protected":false},"excerpt":{"rendered":"<p>&nbsp; Denna sida kommer\u00a0inom kort\u00a0att fyllas med information om v\u00e5r H\u00e4stverksamhet som h\u00e5ller p\u00e5 att formas h\u00e4r p\u00e5 g\u00e5rden samt om de h\u00e4star som kommer att st\u00e5r h\u00e4r. \/\/Malin<\/p>\n","protected":false},"author":2,"featured_media":0,"parent":0,"menu_order":55,"comment_status":"open","ping_status":"open","template":"","meta":[],"_links":{"self":[{"href":"https:\/\/westcoasttrading.se\/index.php?rest_route=\/wp\/v2\/pages\/52"}],"collection":[{"href":"https:\/\/westcoasttrading.se\/index.php?rest_route=\/wp\/v2\/pages"}],"about":[{"href":"https:\/\/westcoasttrading.se\/index.php?rest_route=\/wp\/v2\/types\/page"}],"author":[{"embeddable":true,"href":"https:\/\/westcoasttrading.se\/index.php?rest_route=\/wp\/v2\/users\/2"}],"replies":[{"embeddable":true,"href":"https:\/\/westcoasttrading.se\/index.php?rest_route=%2Fwp%2Fv2%2Fcomments&post=52"}],"version-history":[{"count":20,"href":"https:\/\/westcoasttrading.se\/index.php?rest_route=\/wp\/v2\/pages\/52\/revisions"}],"predecessor-version":[{"id":1369,"href":"https:\/\/westcoasttrading.se\/index.php?rest_route=\/wp\/v2\/pages\/52\/revisions\/1369"}],"wp:attachment":[{"href":"https:\/\/westcoasttrading.se\/index.php?rest_route=%2Fwp%2Fv2%2Fmedia&parent=52"}],"curies":[{"name":"wp","href":"https:\/\/api.w.org\/{rel}","templated":true}]}}