{"id":54,"date":"2010-12-01T15:45:58","date_gmt":"2010-12-01T14:45:58","guid":{"rendered":"http:\/\/westcoasttrading.se\/?page_id=54"},"modified":"2020-07-09T12:34:10","modified_gmt":"2020-07-09T11:34:10","slug":"batar","status":"publish","type":"page","link":"https:\/\/westcoasttrading.se\/?page_id=54","title":{"rendered":"B\u00e5tar\/Bilar"},"content":{"rendered":"<p><a href=\"https:\/\/media.westcoasttrading.se\/2010\/12\/RMOV0439.avi\">HALV GAS UTANF\u00d6R TYL\u00d6N 2009<\/a><\/p>\n<h1>GAMECOCK<\/h1>\n<p>GAMECOCK \u00e4r en amerikansk klassiker. En 40,4 fot l\u00e5ng amerikansk daycruiser fr\u00e5n 1977. &#8221;Built for speed&#8221; 23 liter cylindervolym f\u00f6rdelat p\u00e5 tre st frustande, ruppande mercruser V8;or. 1400+ h\u00e4stkrafter, milj\u00f6b\u00e5t?, tveksamt! St\u00e5p\u00e4ls?, absolut!!! Toppfart 75+ knop.<\/p>\n<p>Kan chartras med pilot f\u00f6r events, svensexor, m\u00f6hippor, kick offs eller liknande. Vi k\u00f6r med insidan av huvudet!!!<\/p>\n<p>Hemmahamn Halmstad B\u00e5tklubben Najaden.<\/p>\n<p>Vid intresse maila per!<\/p>\n<p><a href=\"https:\/\/media.westcoasttrading.se\/2010\/12\/RIMG0315.jpg\"><img decoding=\"async\" loading=\"lazy\" class=\"alignnone size-thumbnail wp-image-94\" title=\"RIMG0315\" src=\"https:\/\/media.westcoasttrading.se\/2010\/12\/RIMG0315-150x150.jpg\" alt=\"\" width=\"150\" height=\"150\" \/><\/a><a href=\"https:\/\/media.westcoasttrading.se\/2010\/12\/DSCF1691.jpg\"><img decoding=\"async\" loading=\"lazy\" class=\"alignnone size-thumbnail wp-image-95\" title=\"DSCF1691\" src=\"https:\/\/media.westcoasttrading.se\/2010\/12\/DSCF1691-150x150.jpg\" alt=\"\" width=\"150\" height=\"150\" \/><\/a><a href=\"https:\/\/media.westcoasttrading.se\/2010\/12\/RIMG0530.jpg\"><img decoding=\"async\" loading=\"lazy\" class=\"alignnone size-thumbnail wp-image-96\" title=\"RIMG0530\" src=\"https:\/\/media.westcoasttrading.se\/2010\/12\/RIMG0530-150x150.jpg\" alt=\"\" width=\"150\" height=\"150\" \/><\/a><a href=\"https:\/\/media.westcoasttrading.se\/2010\/12\/RIMG0311.jpg\"><img decoding=\"async\" loading=\"lazy\" title=\"RIMG0311\" src=\"https:\/\/media.westcoasttrading.se\/2010\/12\/RIMG0311-150x150.jpg\" alt=\"\" width=\"150\" height=\"150\" \/><\/a><a href=\"https:\/\/media.westcoasttrading.se\/2010\/12\/DSCF1702.jpg\"><img decoding=\"async\" loading=\"lazy\" class=\"alignnone size-thumbnail wp-image-101\" title=\"DSCF1702\" src=\"https:\/\/media.westcoasttrading.se\/2010\/12\/DSCF1702-150x150.jpg\" alt=\"\" width=\"150\" height=\"150\" \/><\/a><a href=\"https:\/\/media.westcoasttrading.se\/2010\/12\/RIMG0537.jpg\"><img decoding=\"async\" loading=\"lazy\" class=\"alignnone size-thumbnail wp-image-102\" title=\"RIMG0537\" src=\"https:\/\/media.westcoasttrading.se\/2010\/12\/RIMG0537-150x150.jpg\" alt=\"\" width=\"150\" height=\"150\" \/><\/a><a href=\"https:\/\/media.westcoasttrading.se\/2010\/12\/RIMG0535.jpg\"><img decoding=\"async\" loading=\"lazy\" class=\"alignnone size-thumbnail wp-image-104\" title=\"RIMG0535\" src=\"https:\/\/media.westcoasttrading.se\/2010\/12\/RIMG0535-150x150.jpg\" alt=\"\" width=\"150\" height=\"150\" \/><\/a><a href=\"https:\/\/media.westcoasttrading.se\/2010\/12\/RIMG0304.jpg\"><img decoding=\"async\" loading=\"lazy\" class=\"alignnone size-thumbnail wp-image-105\" title=\"RIMG0304\" src=\"https:\/\/media.westcoasttrading.se\/2010\/12\/RIMG0304-150x150.jpg\" alt=\"\" width=\"150\" height=\"150\" \/><\/a><\/p>\n","protected":false},"excerpt":{"rendered":"<p>HALV GAS UTANF\u00d6R TYL\u00d6N 2009 GAMECOCK GAMECOCK \u00e4r en amerikansk klassiker. En 40,4 fot l\u00e5ng amerikansk daycruiser fr\u00e5n 1977. &#8221;Built for speed&#8221; 23 liter cylindervolym f\u00f6rdelat p\u00e5 tre st frustande, ruppande mercruser V8;or. 1400+ h\u00e4stkrafter, milj\u00f6b\u00e5t?, tveksamt! St\u00e5p\u00e4ls?, absolut!!! Toppfart &hellip; <a href=\"https:\/\/westcoasttrading.se\/?page_id=54\">L\u00e4s mer <span class=\"meta-nav\">&rarr;<\/span><\/a><\/p>\n","protected":false},"author":2,"featured_media":82,"parent":56,"menu_order":80,"comment_status":"open","ping_status":"open","template":"","meta":[],"_links":{"self":[{"href":"https:\/\/westcoasttrading.se\/index.php?rest_route=\/wp\/v2\/pages\/54"}],"collection":[{"href":"https:\/\/westcoasttrading.se\/index.php?rest_route=\/wp\/v2\/pages"}],"about":[{"href":"https:\/\/westcoasttrading.se\/index.php?rest_route=\/wp\/v2\/types\/page"}],"author":[{"embeddable":true,"href":"https:\/\/westcoasttrading.se\/index.php?rest_route=\/wp\/v2\/users\/2"}],"replies":[{"embeddable":true,"href":"https:\/\/westcoasttrading.se\/index.php?rest_route=%2Fwp%2Fv2%2Fcomments&post=54"}],"version-history":[{"count":19,"href":"https:\/\/westcoasttrading.se\/index.php?rest_route=\/wp\/v2\/pages\/54\/revisions"}],"predecessor-version":[{"id":1412,"href":"https:\/\/westcoasttrading.se\/index.php?rest_route=\/wp\/v2\/pages\/54\/revisions\/1412"}],"up":[{"embeddable":true,"href":"https:\/\/westcoasttrading.se\/index.php?rest_route=\/wp\/v2\/pages\/56"}],"wp:featuredmedia":[{"embeddable":true,"href":"https:\/\/westcoasttrading.se\/index.php?rest_route=\/wp\/v2\/media\/82"}],"wp:attachment":[{"href":"https:\/\/westcoasttrading.se\/index.php?rest_route=%2Fwp%2Fv2%2Fmedia&parent=54"}],"curies":[{"name":"wp","href":"https:\/\/api.w.org\/{rel}","templated":true}]}}